 the thousands digit of 52729?
2
What is the units digit of 6998?
8
What is the ten thousands digit of 24313?
2
What is the tens digit of 2924?
2
What is the hundred thousands digit of 162812?
1
What is the tens digit of 6072?
7
What is the units digit of 1865?
5
What is the tens digit of 66719?
1
What is the hundreds digit of 12585?
5
What is the hundred thousands digit of 160339?
1
What is the hundreds digit of 10063?
0
What is the hundred thousands digit of 122442?
1
What is the tens digit of 393?
9
What is the units digit of 2688?
8
What is the hundreds digit of 2197?
1
What is the thousands digit of 20177?
0
What is the units digit of 730?
0
What is the hundreds digit of 383?
3
What is the tens digit of 3577?
7
What is the units digit of 478?
8
What is the tens digit of 50918?
1
What is the units digit of 61254?
4
What is the thousands digit of 1362?
1
What is the hundreds digit of 36057?
0
What is the hundreds digit of 14802?
8
What is the units digit of 1054?
4
What is the hundreds digit of 16079?
0
What is the thousands digit of 3392?
3
What is the tens digit of 19095?
9
What is the tens digit of 17963?
6
What is the ten thousands digit of 93268?
9
What is the thousands digit of 1884?
1
What is the tens digit of 1098?
9
What is the units digit of 3523?
3
What is the tens digit of 663?
6
What is the hundreds digit of 625?
6
What is the tens digit of 725?
2
What is the tens digit of 28919?
1
What is the units digit of 2330?
0
What is the thousands digit of 7565?
7
What is the hundreds digit of 50271?
2
What is the hundreds digit of 1209?
2
What is the hundreds digit of 33330?
3
What is the hundreds digit of 1130?
1
What is the tens digit of 502?
0
What is the tens digit of 957?
5
What is the units digit of 564?
4
What is the units digit of 9018?
8
What is the units digit of 2621?
1
What is the hundreds digit of 2634?
6
What is the thousands digit of 8534?
8
What is the ten thousands digit of 14873?
1
What is the ten thousands digit of 62117?
6
What is the ten thousands digit of 12783?
1
What is the thousands digit of 88029?
8
What is the units digit of 187?
7
What is the tens digit of 21329?
2
What is the hundreds digit of 7562?
5
What is the units digit of 49286?
6
What is the hundreds digit of 425?
4
What is the thousands digit of 21022?
1
What is the hundreds digit of 86711?
7
What is the tens digit of 714?
1
What is the units digit of 946?
6
What is the units digit of 5525?
5
What is the tens digit of 1004?
0
What is the ten thousands digit of 159507?
5
What is the hundreds digit of 50203?
2
What is the tens digit of 715?
1
What is the thousands digit of 2572?
2
What is the tens digit of 4971?
7
What is the ten thousands digit of 61129?
6
What is the units digit of 44140?
0
What is the hundreds digit of 32447?
4
What is the hundreds digit of 4603?
6
What is the units digit of 16005?
5
What is the thousands digit of 1392?
1
What is the ten thousands digit of 23959?
2
What is the units digit of 262?
2
What is the hundreds digit of 362?
3
What is the hundreds digit of 193?
1
What is the tens digit of 15417?
1
What is the units digit of 4690?
0
What is the thousands digit of 3012?
3
What is the hundreds digit of 906?
9
What is the ten thousands digit of 19988?
1
What is the tens digit of 6695?
9
What is the hundreds digit of 178366?
3
What is the tens digit of 2710?
1
What is the tens digit of 59135?
3
What is the tens digit of 45812?
1
What is the thousands digit of 1561?
1
What is the hundreds digit of 410?
4
What is the tens digit of 5511?
1
What is the hundreds digit of 8185?
1
What is the thousands digit of 26234?
6
What is the units digit of 6909?
9
What is the hundreds digit of 154218?
2
What is the tens digit of 42730?
3
What is the units digit of 68755?
5
What is the units digit of 458?
8
What is the hundreds digit of 5425?
4
What is the units digit of 10904?
4
What is the hundreds digit of 4153?
1
What is the units digit of 1993?
3
What is the tens digit of 67?
6
What is the hundreds digit of 1985?
9
What is the thousands digit of 6735?
6
What is the tens digit of 3045?
4
What is the units digit of 3454?
4
What is the thousands digit of 31495?
1
What is the hundreds digit of 695?
6
What is the ten thousands digit of 46278?
4
What is the tens digit of 118?
1
What is the units digit of 80678?
8
What is the units digit of 4848?
8
What is the ten thousands digit of 31091?
3
What is the thousands digit of 15142?
5
What is the hundreds digit of 73006?
0
What is the hundreds digit of 9345?
3
What is the units digit of 10361?
1
What is the ten thousands digit of 14607?
1
What is the thousands digit of 54523?
4
What is the thousands digit of 98118?
8
What is the tens digit of 906?
0
What is the tens digit of 11780?
8
What is the units digit of 5085?
5
What is the tens digit of 138?
3
What is the units digit of 47783?
3
What is the tens digit of 1512?
1
What is the units digit of 29697?
7
What is the thousands digit of 19458?
9
What is the units digit of 9676?
6
What is the tens digit of 46?
4
What is the ten thousands digit of 51593?
5
What is the tens digit of 11939?
3
What is the units digit of 23645?
5
What is the thousands digit of 3744?
3
What is the thousands digit of 4639?
4
What is the hundreds digit of 1610?
6
What is the thousands digit of 26926?
6
What is the hundreds digit of 887?
8
What is the units digit of 1638?
8
What is the hundreds digit of 948?
9
What is the tens digit of 1365?
6
What is the thousands digit of 5581?
5
What is the thousands digit of 16968?
6
What is the tens digit of 476?
7
What is the hundreds digit of 9473?
4
What is the thousands digit of 6922?
6
What is the units digit of 20757?
7
What is the thousands digit of 18499?
8
What is the units digit of 14211?
1
What is the units digit of 2353?
3
What is the tens digit of 1468?
6
What is the tens digit of 23961?
6
What is the units digit of 406?
6
What is the ten thousands digit of 60708?
6
What is the ten thousands digit of 21868?
2
What is the hundreds digit of 23147?
1
What is the hundreds digit of 1270?
2
What is the hundreds digit of 10360?
3
What is the units digit of 1421?
1
What is the tens digit of 1062?
6
What is the tens digit of 1397?
9
What is the units digit of 5365?
5
What is the units digit of 150?
0
What is the units digit of 11959?
9
What is the units digit of 8871?
1
What is the ten thousands digit of 41624?
4
What is the hundreds digit of 277?
2
What is the tens digit of 67349?
4
What is the thousands digit of 1049?
1
What is the tens digit of 398?
9
What is the tens digit of 31025?
2
What is the ten thousands digit of 87176?
8
What is the thousands digit of 3495?
3
What is the ten thousands digit of 30959?
3
What is the units digit of 1116?
6
What is the tens digit of 1845?
4
What is the ten thousands digit of 59318?
5
What is the units digit of 20217?
7
What is the units digit of 393?
3
What is the tens digit of 290?
9
What is the hundreds digit of 4781?
7
What is the tens digit of 704?
0
What is the units digit of 452?
2
What is the tens digit of 1037?
3
What is the tens digit of 793?
9
What is the thousands digit of 2368?
2
What is the units digit of 4672?
2
What is the tens digit of 65922?
2
What is the tens digit of 575?
7
What is the units digit of 2153?
3
What is the hundreds digit of 22853?
8
What is the ten thousands digit of 192533?
9
What is the thousands digit of 5829?
5
What is the tens digit of 1288?
8
What is the thousands digit of 15066?
5
What is the thousands digit of 54935?
4
What is the tens digit of 30613?
1
What is the tens digit of 1439?
3
What is the tens digit of 57864?
6
What is the thousands digit of 44748?
4
What is the units digit of 2570?
0
What is the hundreds digit of 2703?
7
What is the tens digit of 583?
8
What is the units digit of 38861?
1
What is the thousands digit of 16897?
6
What is the tens digit of 292?
9
What is the hundreds digit of 4537?
5
What is the ten thousands digit of 26673?
2
What is the thousands digit of 14098?
4
What is the units digit of 1098?
8
What is the units digit of 96112?
2
What is the tens digit of 3100?
0
What is the hundreds digit of 1037?
0
What is the units digit of 111759?
9
What is the units digit of 6256?
6
What is the tens digit of 1022?
2
What is the ten tho